{"id":48,"date":"2021-09-16T09:48:09","date_gmt":"2021-09-16T09:48:09","guid":{"rendered":"https:\/\/www.lpnp.pt\/?page_id=48"},"modified":"2021-10-24T15:48:20","modified_gmt":"2021-10-24T15:48:20","slug":"a-experiencia","status":"publish","type":"page","link":"https:\/\/www.lpnp.pt\/?page_id=48","title":{"rendered":"A experi\u00eancia"},"content":{"rendered":"\t\t<div data-elementor-type=\"wp-page\" data-elementor-id=\"48\" class=\"elementor elementor-48\" data-elementor-settings=\"[]\">\n\t\t\t\t\t\t\t<div class=\"elementor-section-wrap\">\n\t\t\t\t\t\t\t<section class=\"elementor-section elementor-top-section elementor-element elementor-element-9b2ed0a elementor-section-boxed elementor-section-height-default elementor-section-height-default\" data-id=\"9b2ed0a\" data-element_type=\"section\">\n\t\t\t\t\t\t<div class=\"elementor-container elementor-column-gap-default\">\n\t\t\t\t\t<div class=\"elementor-column elementor-col-50 elementor-top-column elementor-element elementor-element-42b0dcd\" data-id=\"42b0dcd\" data-element_type=\"column\">\n\t\t\t<div class=\"elementor-widget-wrap elementor-element-populated\">\n\t\t\t\t\t\t\t\t<div class=\"elementor-element elementor-element-00fba95 elementor-widget elementor-widget-heading\" data-id=\"00fba95\" data-element_type=\"widget\" data-widget_type=\"heading.default\">\n\t\t\t\t<div class=\"elementor-widget-container\">\n\t\t\t<h3 class=\"elementor-heading-title elementor-size-default\">A experi\u00eancia<\/h3>\t\t<\/div>\n\t\t\t\t<\/div>\n\t\t\t\t<div class=\"elementor-element elementor-element-960fc07 elementor-widget elementor-widget-text-editor\" data-id=\"960fc07\" data-element_type=\"widget\" data-widget_type=\"text-editor.default\">\n\t\t\t\t<div class=\"elementor-widget-container\">\n\t\t\t\t\t\t\t<p><strong>A EXPERI\u00caNCIA DO S\u00d3CIO GERENTE<\/strong><\/p><p>O trabalho da <strong>LPNP Lda<\/strong> baseia-se essencialmente na experi\u00eancia acumulada do seu s\u00f3cio gerente,\u00a0<strong>Eng.\u00ba Lu\u00eds Pedro<\/strong>.<\/p><p><strong>Licenciado em Engenharia Civil<\/strong> pelo IST no ramo de Constru\u00e7\u00e3o (1990 &#8211; 1995), realizou o <strong>Mestrado em Engenharia de Estruturas<\/strong> tamb\u00e9m no IST (1995-1997), dispondo ainda do Certificado de <strong>T\u00e9cnico Superior de Seguran\u00e7a e Higiene do Trabalho<\/strong> emitido pelo IDICT\/ SNCP em Junho de 2002, atual ACT.<\/p><p>Participou ao longo da sua vida profissional em in\u00fameros cursos de forma\u00e7\u00e3o, semin\u00e1rios e col\u00f3quios.<\/p><p>\u00a0<\/p>\t\t\t\t\t\t<\/div>\n\t\t\t\t<\/div>\n\t\t\t\t\t<\/div>\n\t\t<\/div>\n\t\t\t\t<div class=\"elementor-column elementor-col-50 elementor-top-column elementor-element elementor-element-7f54a20\" data-id=\"7f54a20\" data-element_type=\"column\">\n\t\t\t<div class=\"elementor-widget-wrap elementor-element-populated\">\n\t\t\t\t\t\t\t\t<div class=\"elementor-element elementor-element-0bb6b8d elementor-widget elementor-widget-image\" data-id=\"0bb6b8d\" data-element_type=\"widget\" data-widget_type=\"image.default\">\n\t\t\t\t<div class=\"elementor-widget-container\">\n\t\t\t\t\t\t\t\t\t\t\t\t\t\t\t<img src=\"https:\/\/www.lpnp.pt\/wp-content\/uploads\/elementor\/thumbs\/luis-pdhqk3htocfrg4wj2sy89g7lqthbiwno5ttt0rez62.jpg\" title=\"Luis Pedro\" alt=\"Luis Pedro\" \/>\t\t\t\t\t\t\t\t\t\t\t\t\t\t\t<\/div>\n\t\t\t\t<\/div>\n\t\t\t\t\t<\/div>\n\t\t<\/div>\n\t\t\t\t\t\t\t<\/div>\n\t\t<\/section>\n\t\t\t\t<section class=\"elementor-section elementor-top-section elementor-element elementor-element-6a22ea6 elementor-section-boxed elementor-section-height-default elementor-section-height-default\" data-id=\"6a22ea6\" data-element_type=\"section\">\n\t\t\t\t\t\t<div class=\"elementor-container elementor-column-gap-default\">\n\t\t\t\t\t<div class=\"elementor-column elementor-col-100 elementor-top-column elementor-element elementor-element-5b68f46\" data-id=\"5b68f46\" data-element_type=\"column\">\n\t\t\t<div class=\"elementor-widget-wrap elementor-element-populated\">\n\t\t\t\t\t\t\t\t<div class=\"elementor-element elementor-element-61789ea elementor-widget elementor-widget-text-editor\" data-id=\"61789ea\" data-element_type=\"widget\" data-widget_type=\"text-editor.default\">\n\t\t\t\t<div class=\"elementor-widget-container\">\n\t\t\t\t\t\t\t<p><strong>Iniciou a atividade na empresa ENPESIN<\/strong>, <strong>Projetos e Gest\u00e3o de Obras, Lda., em 1994 at\u00e9 2001<\/strong>, tendo participado na Coordena\u00e7\u00e3o de Projetos e Fiscaliza\u00e7\u00e3o de v\u00e1rias obras de grande dimens\u00e3o em Lisboa, nomeadamente para o Metropolitanos de Lisboa, Alta de Lisboa, Grupo Altis e Imocom, das quais se podem destacar algumas:<\/p><ul><li>Metropolitano de Lisboa na Interface de Sete Rios<\/li><li>Metropolitano de Lisboa no N\u00f3 da Alameda e esta\u00e7\u00e3o de Liga\u00e7\u00e3o \u00e0 Expo 98<\/li><li>Selagem e arranjo paisag\u00edstico do aterro sanit\u00e1rio do Vale do Forno &#8211; Lisboa.<\/li><li>Empreendimento do Alto do Lumiar Malha 7 PER 9 &#8211; Lisboa<\/li><li>Edif\u00edcio Infante Parque das Na\u00e7\u00f5es &#8211; Lisboa<\/li><li>Edif\u00edcio da Sede da Sony no Parque das Na\u00e7\u00f5es &#8211; Lisboa<\/li><li>Empreendimento Altis Porto &#8211; Foz do Porto.<\/li><\/ul><div>\u00a0<\/div><p><strong>Entre 2001 e 2006<\/strong> fez parte do Quadro T\u00e9cnico da <strong>VIDAL, PEREIRA &amp; GOMES LDA<\/strong> Constru\u00e7\u00e3o Civil e Obras P\u00fablicas Lda, tendo exercido a fun\u00e7\u00e3o de Diretor de Obra de v\u00e1rios empreendimentos, dos quais se destacam:<\/p><ul><li>Empreendimento tur\u00edstico ET4 na Quinta do Lago, composto por 55 moradias e edif\u00edcio de rece\u00e7\u00e3o com piscina e instala\u00e7\u00f5es de apoio ao empreendimento.<\/li><li>Parque de manobras de S. Br\u00e1s de Alportel, da Dire\u00e7\u00e3o Geral de Via\u00e7\u00e3o.<\/li><li>Lote 17 Monte Golfe, moradia unifamiliar com piscina na Quinta do Lago.<\/li><li>Lote 2 Beira Lago, moradia unifamiliar com piscina na Quinta do Lago.<\/li><li>Lote 32 Loteamento do Lago, moradia unifamiliar c\/ piscina na Quinta do Lago.<\/li><li>Lote 113 Atl\u00e2ntico Norte, moradia unifamiliar com piscina na Quinta do Lago.<\/li><li>Lotes 7 e 36 Noroeste, moradias unifamiliares com piscina na Quinta do Lago.<\/li><li>Lote 44 Quinta do Mar, composto por 14 apartamentos tur\u00edsticos e piscina.<\/li><li>Lotes 1 a 5 Quinta do Mar, moradias unifamiliares com piscina.<\/li><li>Lotes 1, 2, 5 e 6 Vale Formoso, moradias unifamiliares com piscina.<\/li><\/ul><div>\u00a0<\/div><p>Simultaneamente criou em 2001 a empresa <strong>CONSCONTROL Constru\u00e7\u00e3o Civil e Obras P\u00fablicas Lda<\/strong>, da qual continua a ser S\u00f3cio Gerente, salientando a realiza\u00e7\u00e3o das seguintes obras:<\/p><p>Edif\u00edcio Rosa de Habita\u00e7\u00e3o e com\u00e9rcio na Av. Jos\u00e9 da Costa Mealha &#8211; Loul\u00e9<br \/>Edif\u00edcio de Habita\u00e7\u00e3o Urbaniza\u00e7\u00e3o Miramar Lote 19 &#8211; Loul\u00e9<br \/>Edif\u00edcios de Habita\u00e7\u00e3o, Com\u00e9rcio e Servi\u00e7os C\u00e1ssima Lotes 6, 7 e 11 &#8211; Loul\u00e9<br \/>Moradias Unifamiliares Sitio do Semino Quarteira &#8211; Loul\u00e9<br \/>Urbaniza\u00e7\u00e3o Hortas de Santo Ant\u00f3nio Lotes 1 a 9 &#8211; Loul\u00e9.<\/p><p><strong>Fundou em 2003 a COZFEBAL Com\u00e9rcio de Cozinhas e Eletrodom\u00e9sticos Lda<\/strong>, continuando a exercer o seu papel de S\u00f3cio Gerente, salientando-se o fornecimento de cozinhas e eletrodom\u00e9sticos para os empreendimentos como o Vale dos Pinheiros na Quinta do Lago e Monte Rei na Altura.<\/p><p><em><strong>O acumular de cerca de vinte e cinco anos de experi\u00eancia do seu S\u00f3cio Gerente, permitem que a LPNP Lda possa encarar o futuro com confian\u00e7a, ambi\u00e7\u00e3o e a garantia de poder prestar um servi\u00e7o t\u00e9cnico de qualidade e de seguran\u00e7a a todos os seus clientes.<\/strong><\/em><\/p><p><strong>OBRAS REALIZADAS PELA LPNP Lda<\/strong><\/p><p>A LPNP constru\u00e7\u00f5es unipessoal Lda foi criada em 2006 e em resultado do forte desenvolvimento que a empresa tem vindo a ter, apesar dos tempos de crise financeira e de confian\u00e7a em que vivemos, salientam-se at\u00e9 \u00e0 presente data a realiza\u00e7\u00e3o das seguintes obras:<\/p><ul><li><strong>MORADIA UNIFAMILIAR CERRO BENAFIM &#8211; LOUL\u00c9<\/strong><\/li><li><strong>MORADIA UNIFAMILIAR BIOGAL G\u00c2MBELAS &#8211; FARO<\/strong><\/li><li><strong>VARIAS MORADIAS UNIFAMILIARES NA URBANIZACAO VALE DE RAS &#8211; LOULE<\/strong><\/li><li><strong>EDIFICIO JUNTO A BIBLIOTECA MUNICIPAL &#8211; LAGOA<\/strong><\/li><li><strong>EDIFICIO ELEGANTE C NO CALCADAO EM &#8211;\u00a0 QUARTEIRA<\/strong><\/li><li><strong>EMPREENDIMENTO DE 4 EDIFICIOS NO PATAC\u00c3O &#8211; FARO<\/strong><\/li><li><strong>VARIAS REMODELACOES DE APARTAMENTOS E VIVENDAS<\/strong><\/li><li><strong>EDIF\u00cdCIO NA N2 &#8211; FARO (Em fase de constru\u00e7\u00e3o e venda)<\/strong><\/li><\/ul>\t\t\t\t\t\t<\/div>\n\t\t\t\t<\/div>\n\t\t\t\t\t<\/div>\n\t\t<\/div>\n\t\t\t\t\t\t\t<\/div>\n\t\t<\/section>\n\t\t\t\t\t\t<\/div>\n\t\t\t\t\t<\/div>\n\t\t","protected":false},"excerpt":{"rendered":"<p>A experi\u00eancia A EXPERI\u00caNCIA DO S\u00d3CIO GERENTE O trabalho da LPNP Lda baseia-se essencialmente na experi\u00eancia acumulada do seu s\u00f3cio gerente,\u00a0Eng.\u00ba Lu\u00eds Pedro. Licenciado em Engenharia Civil pelo IST no ramo de Constru\u00e7\u00e3o (1990 &#8211; 1995), realizou o Mestrado em Engenharia de Estruturas tamb\u00e9m no IST (1995-1997), dispondo ainda do Certificado de T\u00e9cnico Superior de [&hellip;]<\/p>\n","protected":false},"author":1,"featured_media":0,"parent":0,"menu_order":0,"comment_status":"closed","ping_status":"closed","template":"page-templates\/page_fullwidth.php","meta":[],"_links":{"self":[{"href":"https:\/\/www.lpnp.pt\/index.php?rest_route=\/wp\/v2\/pages\/48"}],"collection":[{"href":"https:\/\/www.lpnp.pt\/index.php?rest_route=\/wp\/v2\/pages"}],"about":[{"href":"https:\/\/www.lpnp.pt\/index.php?rest_route=\/wp\/v2\/types\/page"}],"author":[{"embeddable":true,"href":"https:\/\/www.lpnp.pt\/index.php?rest_route=\/wp\/v2\/users\/1"}],"replies":[{"embeddable":true,"href":"https:\/\/www.lpnp.pt\/index.php?rest_route=%2Fwp%2Fv2%2Fcomments&post=48"}],"version-history":[{"count":38,"href":"https:\/\/www.lpnp.pt\/index.php?rest_route=\/wp\/v2\/pages\/48\/revisions"}],"predecessor-version":[{"id":352,"href":"https:\/\/www.lpnp.pt\/index.php?rest_route=\/wp\/v2\/pages\/48\/revisions\/352"}],"wp:attachment":[{"href":"https:\/\/www.lpnp.pt\/index.php?rest_route=%2Fwp%2Fv2%2Fmedia&parent=48"}],"curies":[{"name":"wp","href":"https:\/\/api.w.org\/{rel}","templated":true}]}}